{"id":12455,"date":"2024-03-26T15:35:41","date_gmt":"2024-03-26T14:35:41","guid":{"rendered":"https:\/\/hansa-flex.ch\/careers\/training-and-dual-studies\/information-technology\/"},"modified":"2024-05-13T20:11:33","modified_gmt":"2024-05-13T18:11:33","slug":"technologies-de-linformation","status":"publish","type":"page","link":"https:\/\/hansa-flex.ch\/fr\/carrieres\/formation-et-etudes-en-alternance\/technologies-de-linformation\/","title":{"rendered":"Technologies de l&#8217;information"},"content":{"rendered":"\n<p>Vous vous sentez \u00e0 l&#8217;aise dans le monde num\u00e9rique et vous vous int\u00e9ressez au fonctionnement des processus informatiques ? Notre d\u00e9partement informatique a une place pour tous les passionn\u00e9s d&#8217;informatique, qu&#8217;il s&#8217;agisse d&#8217;une formation d&#8217;informaticien pour le d\u00e9veloppement d&#8217;applications ou d&#8217;une formation d&#8217;informaticien de gestion, de commerce \u00e9lectronique ou de gestion de la num\u00e9risation.<\/p>\n","protected":false},"excerpt":{"rendered":"<p>Vous vous sentez \u00e0 l&#8217;aise dans le monde num\u00e9rique et vous vous int\u00e9ressez au fonctionnement des processus informatiques ? Notre d\u00e9partement informatique a une place pour tous les passionn\u00e9s d&#8217;informatique, qu&#8217;il s&#8217;agisse d&#8217;une formation d&#8217;informaticien pour le d\u00e9veloppement d&#8217;applications ou d&#8217;une formation d&#8217;informaticien de gestion, de commerce \u00e9lectronique ou de gestion de la num\u00e9risation.<\/p>\n","protected":false},"author":3,"featured_media":12456,"parent":12407,"menu_order":0,"comment_status":"closed","ping_status":"closed","template":"","meta":{"_acf_changed":true,"footnotes":""},"class_list":["post-12455","page","type-page","status-publish","has-post-thumbnail","hentry"],"acf":[],"_links":{"self":[{"href":"https:\/\/hansa-flex.ch\/fr\/wp-json\/wp\/v2\/pages\/12455","targetHints":{"allow":["GET"]}}],"collection":[{"href":"https:\/\/hansa-flex.ch\/fr\/wp-json\/wp\/v2\/pages"}],"about":[{"href":"https:\/\/hansa-flex.ch\/fr\/wp-json\/wp\/v2\/types\/page"}],"author":[{"embeddable":true,"href":"https:\/\/hansa-flex.ch\/fr\/wp-json\/wp\/v2\/users\/3"}],"replies":[{"embeddable":true,"href":"https:\/\/hansa-flex.ch\/fr\/wp-json\/wp\/v2\/comments?post=12455"}],"version-history":[{"count":0,"href":"https:\/\/hansa-flex.ch\/fr\/wp-json\/wp\/v2\/pages\/12455\/revisions"}],"up":[{"embeddable":true,"href":"https:\/\/hansa-flex.ch\/fr\/wp-json\/wp\/v2\/pages\/12407"}],"wp:featuredmedia":[{"embeddable":true,"href":"https:\/\/hansa-flex.ch\/fr\/wp-json\/wp\/v2\/media\/12456"}],"wp:attachment":[{"href":"https:\/\/hansa-flex.ch\/fr\/wp-json\/wp\/v2\/media?parent=12455"}],"curies":[{"name":"wp","href":"https:\/\/api.w.org\/{rel}","templated":true}]}}

<p>Vous vous sentez à l&#8217;aise dans le monde numérique et vous vous intéressez au fonctionnement des processus informatiques ? Notre département informatique a une place pour tous les passionnés d&#8217;informatique, qu&#8217;il s&#8217;agisse d&#8217;une formation d&#8217;informaticien pour le développement d&#8217;applications ou d&#8217;une formation d&#8217;informaticien de gestion, de commerce électronique ou de gestion de la numérisation.</p>
